Calculate k(10).
-28
Let p(w) = 3*w - 12. Let d be p(6). Let c = d + -4. Let n(i) = -5*i**2 - 1 + i**2 - i + 3*i**c. Give n(0).
-1
Suppose -2*o = -5*o + 24. Let v be 2/o - 25/4. Let j(p) = 500 + 9*p - 7*p - 494. Determine j(v).
-6
Suppose -u = -2*b - 12, u - 6 = 5*b + 12. Let n(f) = -10*f + 6*f**2 + f**3 - u*f + 4 + 10*f. Give n(-7).
11
Suppose -2*f + 5*a - 30 = -7*f, -a = 5*f - 22. Suppose 0 = f*o - 3*o + 3. Let m(j) = -j - 4. Let r be m(o). Let t(p) = -12*p. Determine t(r).
12
Let p(z) = 2*z + 7. Let k(n) = 2*n + 22. Let r(g) = -6*g - 65. Let f(w) = 11*k(w) + 4*r(w). Let b be f(-6). Give p(b).
-5
Let k(o) = o**2 + 10*o + 8. Let p be k(-9). Let g(l) be the third derivative of 0 - 4*l**2 + 0*l**3 + 1/24*l**4 - 1/60*l**6 + 1/30*l**5 + 0*l. Give g(p).
3
Let b(n) = n**2 - 4*n + 5. Let l be -3 + 23 - (7 - 2). Let r be (32/12)/(l/9 - 1). Determine b(r).
5
Let d(w) = -3*w + 2. Suppose 0 = 4*t - 14 - 2. Suppose -11 = -0*f + 2*f - 3*k, -t*f - 20 = -4*k. Calculate d(f).
14
Suppose 11 = -3*u + 26. Let p(f) = -2*f + 15 - 13 + u*f. Suppose 3*d + 9 = 3. What is p(d)?
-4
Let s(n) = -n**3 - 4*n**2 + 6. Suppose -o - 24 = 5*p, 30*p - o - 19 = 34*p. What is s(p)?
31
Let h(t) = 12 - 75 + 53 + 12 - t - 17*t**2. Determine h(-2).
-64
Let u = -15 - -27. Suppose -5*v = 3*d - 26, -u = -4*d + v - 2*v. Let g be (-168)/(-78) + d/(-13). Let x(i) = 2*i - 1. Calculate x(g).
3
Suppose 6*v - 9 = 9*v. Let m(b) be the first derivative of -20*b + 2 - 4*b**2 + b**3 + 6*b**2 + 23*b. Calculate m(v).
18
Let o(c) = 4*c**2 - 1. Let w be o(1). Let v(f) = -4*f**2 + 0*f**2 - 1108*f + 2 + 1107*f + 5*f**2. Determine v(w).
8
Suppose v = 5*r - 46, 2 = 2*r - v - 14. Let y(x) be the first derivative of x**4/4 - 11*x**3/3 + 11*x**2/2 - 5*x + 9. Calculate y(r).
5
Suppose 6*s - 1 = 7*s. Let v(r) = 20*r - 1. Give v(s).
-21
Let u be (5 - 2) + 3 + -3. Suppose u*k + 9 = -0*k. Let r(l) be the second derivative of 2*l**3/3 + l**2 - 2*l. Give r(k).
-10
Let u(q) be the first derivative of 1/3*q**3 - 1/2*q**2 + 4 + 4*q. Let p(m) be the first derivative of u(m). Calculate p(2).
3
Let t(l) = 21*l - 1. Let y(v) = -2*v + 41. Let u be y(21). Calculate t(u).
-22
Let x(i) = 3 + 18 + 4*i + 0. Determine x(-7).
-7
Let f(b) = b**3 + b**2 - 5*b - 4. Let i be (-93)/6 - 1/2. Let x be (-2 - -2) + i + 13. Calculate f(x).
-7
Let h(v) be the first derivative of v**4/4 - 4*v**3/3 + v**2/2 + v - 1. Let b(r) = 4*r + 12. Let l be b(6). Suppose 2*n - l = -7*n. What is h(n)?
5
Let b(n) = n**2 + n**3 - 10*n**2 + 557 + 557 - 2*n - 1109 + 0*n**3. What is b(9)?
-13
Let n be 1*2/(-5)*40/16. Let z(g) = 2*g**3 - g - 1. What is z(n)?
-2
Let k(z) = -5*z**3 + z**2 - 5*z + 2. Suppose -17*a - 3 = -18*a. Let h(s) = -4*s**3 - 4*s + 1. Let n(m) = a*k(m) - 4*h(m). Calculate n(-3).
-1
Let t = -1197 - -1200. Let i(l) be the third derivative of -1/8*l**4 - 1/30*l**5 + 1/3*l**t + 9*l**2 + 0*l + 0. What is i(-3)?
-7
Let t be (12/10)/((-48)/(-120)). Let q(f) = -4*f**2 + f**3 + 17*f + 10*f**2 + 0*f**t - 16*f - 2. Calculate q(-6).
-8
Let t(m) = -m**3 - 3*m**2 + 4*m. Let v = 35 - 40. Let k be -8 + v/(25/(-20)). Determine t(k).
0
Let t(i) = i + 44. Let g be t(-22). Let n = 28 - g. Let p(v) = -v. Let r(l) = -l**2 + 11*l + 2. Let f(b) = -6*p(b) - r(b). What is f(n)?
4
Suppose 5*y = 20, 3*c + 3 - 1 = 2*y. Let g(h) = 2 - c + h + 5. Suppose 12*n = 11*n - 4*n + 13*n. Give g(n).
5
Let i(t) = -5*t - 12*t**2 - 1 + 3*t + 11*t**2. Give i(-6).
-25
Let t(d) = d + 2. Let l be t(-2). Let c(o) = o**2 - 6*o + 1. Let v be c(6). Let n(b) = 2 - 4*b + 4 - b**2 - v + l. Determine n(-6).
-7
Suppose -3*t - 5*m = 10, 2 = t - 67*m + 66*m. Let u(c) = c**3 + 2*c + 3. Let p(q) = 3*q**3 + 5*q + 7. Let f(y) = -2*p(y) + 5*u(y). Determine f(t).
1
Let o = -1 + 11. Suppose -5*a - o = -5*s, 0*s + 2*s - 10 = -a. Let y(d) = -5*d**2 - 6*d + 8*d**a + 3 - 4*d**2. Determine y(-3).
12
Let l(p) = -3*p**3 + 2*p**3 + 10 - 9*p**2 - 951*p + 954*p. What is l(-9)?
-17
Let a(q) = 10*q + 285. Let g be a(-29). Let i(k) = -3*k**2 - 3*k + 5. What is i(g)?
-55
Let g(y) = -2*y**2 - 8*y. Let j(s) = -s - 1. Let i(r) = -r**2 - 2*r + 5. Let o(q) = -i(q) - 5*j(q). Let c(f) = -2*g(f) - 3*o(f). What is c(6)?
6
Let b(d) = d**2 + 7*d - 12. Let t(w) = w**2 + 4*w - 18. Let p be t(5). Suppose 2*s + s = -p. Give b(s).
6
Let x(p) = 0*p**2 - 4*p - p - 4*p**2 + 3*p**2 + 6. Suppose -6 = -2*l - 8. Let c be 10*9/15*l. What is x(c)?
0
Let a(l) = l**3 - 3*l**2 + 2*l - 2. Suppose -4*y + n - 10 = 5, -5*y - 35 = 2*n. Let b = 9 + y. Suppose -5*s + 2 = -b*s. Calculate a(s).
-2
Let s(f) = -f - 12. Let c be (-1)/(-4) - (-198)/72 - 14. Give s(c).
-1
Let y(s) = -s**2 + 5*s + 8. Let i be y(6). Let g(r) = 6*r - 7*r - 1 + 0 - i. Let w be g(3). Let n(k) = k**3 + 7*k**2 + 6*k - 5. What is n(w)?
-5
Let s be 2/(-5)*10 - -6. Let w(k) = k**2 + k**2 + 3*k**2 - 2*k - 1. Calculate w(s).
15
Suppose 23*d - 17*d = 126. Let u = -25 + d. Let j(w) = -2*w - 5. What is j(u)?
3
Let h(x) = -x**3 + 3*x**2 + 6*x - 4. Let c(r) = -r + 3. Suppose -8*s = 4 + 4. Let m be c(s). Calculate h(m).
4
Let c(b) be the first derivative of -b**3/2 + 5*b**2/2 - b + 18. Let o(z) be the first derivative of c(z). Calculate o(4).
-7
Let l(v) = -v + 2. Let k be 3*16 - -4 - 5. Let n = 49 - k. Calculate l(n).
0
Let a be (-5)/(-1)*9/5. Suppose a - 8 = -s. Let p(m) = -3*m + 4*m + 1 + m - 5*m. Give p(s).
4
Let h be (7 + 105/(-14))*2. Let i(s) = 3*s**2 + s + 2. Determine i(h).
4
Let w(i) = -i. Let p be (16/(-5) + 2)*5. Let r(k) = -5*k. Let u(f) = p*r(f) + 35*w(f). Suppose -3*h = 1187 - 1190. What is u(h)?
-5
Suppose 0 = 6*l - 8*l - 4. Let r = 8 + l. Let o(i) = -1 + 9 - 5*i**2 - r + 4*i + i**3. Give o(4).
2
Let v = -60 - -112. Let d = -58 + v. Let i(m) = m**3 + 5*m**2 - 5*m + 2. Calculate i(d).
-4
Let l be (-1)/(-5) + 48/(-15). Let i = 7 - 2. Let q(s) = -i*s**3 - s**3 + 3*s**3 - 4*s**2 + 2*s**3 - 3*s. What is q(l)?
0
Let t(g) = -g**2 - 6. Let z be 0 - (-1 - (-1 + 5)). Suppose -z*p + p = -2*q + 2, 0 = 5*p + 4*q + 22. Let s = p - -2. What is t(s)?
-6
Suppose -4*n + m = -69, 3*n = n - 4*m + 30. Suppose 25 = 4*f + 73. Let x = f + n. Let y(t) = t**3 - 6*t**2 + 8*t - 7. What is y(x)?
8
Let h(k) = 2*k - 4. Let t(x) = x - 5. Let z(s) = 2*h(s) - 3*t(s). Let r = -29 - -27. Let d be (-12)/(-8)*-2 + r. What is z(d)?
2
Let x = -499 - -504. Let k(z) = -3*z**2 + 15*z + 3. What is k(x)?
3
Let v = -9136 + 9135. Suppose -2*q = -0*q - 2. Let a(d) = -3*d + q + d - 4*d. What is a(v)?
7
Let z(n) = -3*n + 9. Let u(t) = -t**2 + 12*t + 297. Let d be u(-12). Determine z(d).
-18
Let z(c) = -3*c**3 - c**2 - 5*c - 8. Let d(a) = -4*a**3 - 5*a - 8. Let k(l) = 4*d(l) - 5*z(l). Give k(6).
2
Suppose 27*r - 567 = 6*r. Let m = r - 31. Let h(a) = -a. Let q(j) = -j - 5. Let t(i) = -3*h(i) + q(i). Give t(m).
-13
Suppose -6*p = -29 - 25. Let y be 6/p*(-135)/(-18). Let u(s) = 2*s - 6. Give u(y).
4
Let q(d) = 3 + 4*d**2 - 4*d**3 - 194*d + 189*d + 3*d**2 + 3*d**3. Determine q(5).
28
Let g(d) = 4*d - 34. Let q(i) = -3*i + 17. Let p(l) = 3*g(l) + 5*q(l). What is p(-6)?
1
Let z(v) = v**2 + 7*v + 5. Suppose -f - t = -12, f - 2*f + t + 12 = 0. Suppose f*h - 6 = 13*h. Give z(h).
-1
Let d(n) = -2*n**2 + 3*n - 3. Let a(y) = 6*y - 27. Let q be a(5). Let s be (-1 + q)/((-5)/(-3) - 1). Determine d(s).
-12
Let h(b) = b**2 + 10*b - 8. Let g be h(-11). Suppose 2*z = -2*d - 22, g*z - 4*d - 8 = z. Let l(r) = -r**2 - 6*r - 3. What is l(z)?
-3
Let x(f) be the third derivative of -f**4/6 - f**3 + 8*f**2 + 4*f. What is x(-4)?
10
Suppose -20*m + 23*m = 12. Let f(y) = 3*y + 5. Determine f(m).
17
Let s be ((-20)/(-18))/5 + (-805)/(-63). Suppose -y + 126 = s*y. Let i(a) = -a**2 + 10*a - 11. What is i(y)?
-2
Suppose 1 = -6*w - 47. Let y be (-2 - 4) + 1 - w. Let h(g) = 4*g**2 - 3*g - 1. What is h(y)?
26
Suppose 3*z - 3*i - 6 = 0, i = -5*z - 0*i - 2. Let b(p) be the first derivative of p**2/2 + p + 15. What is b(z)?
1
Let z(p) = 11*p - 1. Suppose 3*t + 35 = 29. Let f(s) = -21*s**2 - s - 2*s - 3 + 20*s**2. Let x be f(t). Give z(x).
-12
Let g be (6/9)/(6/(-198)) - -6. Let h(p) = p**3 + 15*p**2 - 15*p + 15. Calculate h(g).
-1
Let z(y) be the third derivative of 1/24*y**4 - 47*y**2 + 0 + y**3 + 0*y. Calculate z(-5).
1
Let y(q) = -q**3 - q**2 + q. Let r be y(0). Let s(a) = 7*a + 3 + 1 + 0 - 8*a. Determine s(r).
4
Let y(p) = -p**2 - 1. Let t(n) = n**3 + 2*n**2